{"id":72,"date":"2023-05-30T19:15:12","date_gmt":"2023-05-30T17:15:12","guid":{"rendered":"https:\/\/onescenery.com\/?post_type=product&#038;p=72"},"modified":"2023-07-02T16:35:12","modified_gmt":"2023-07-02T14:35:12","slug":"armurerie-orc","status":"publish","type":"product","link":"https:\/\/onescenery.com\/index.php\/produit\/armurerie-orc\/","title":{"rendered":"Armurerie Orc"},"content":{"rendered":"<p>Les\u00a0 D\u00e9cors sont en r\u00e9sin\u00e9 et r\u00e9alis\u00e9 en impression 3D uniquement sur commande.<\/p>\n","protected":false},"excerpt":{"rendered":"<p>Essentiel pour pour mener \u00e0 bien une bonne guerre.<\/p>\n","protected":false},"featured_media":73,"comment_status":"open","ping_status":"closed","template":"","meta":{"site-sidebar-layout":"default","site-content-layout":"default","ast-global-header-display":"","ast-banner-title-visibility":"","ast-main-header-display":"","ast-hfb-above-header-display":"","ast-hfb-below-header-display":"","ast-hfb-mobile-header-display":"","site-post-title":"","ast-breadcrumbs-content":"","ast-featured-img":"","footer-sml-layout":"","theme-transparent-header-meta":"default","adv-header-id-meta":"","stick-header-meta":"","header-above-stick-meta":"","header-main-stick-meta":"","header-below-stick-meta":""},"product_cat":[28,29],"product_tag":[],"class_list":["post-72","product","type-product","status-publish","has-post-thumbnail","hentry","product_cat-mujjas-forge","product_cat-orc","desktop-align-left","tablet-align-left","mobile-align-left"],"jetpack-related-posts":[],"_links":{"self":[{"href":"https:\/\/onescenery.com\/index.php\/wp-json\/wp\/v2\/product\/72","targetHints":{"allow":["GET"]}}],"collection":[{"href":"https:\/\/onescenery.com\/index.php\/wp-json\/wp\/v2\/product"}],"about":[{"href":"https:\/\/onescenery.com\/index.php\/wp-json\/wp\/v2\/types\/product"}],"replies":[{"embeddable":true,"href":"https:\/\/onescenery.com\/index.php\/wp-json\/wp\/v2\/comments?post=72"}],"wp:featuredmedia":[{"embeddable":true,"href":"https:\/\/onescenery.com\/index.php\/wp-json\/wp\/v2\/media\/73"}],"wp:attachment":[{"href":"https:\/\/onescenery.com\/index.php\/wp-json\/wp\/v2\/media?parent=72"}],"wp:term":[{"taxonomy":"product_cat","embeddable":true,"href":"https:\/\/onescenery.com\/index.php\/wp-json\/wp\/v2\/product_cat?post=72"},{"taxonomy":"product_tag","embeddable":true,"href":"https:\/\/onescenery.com\/index.php\/wp-json\/wp\/v2\/product_tag?post=72"}],"curies":[{"name":"wp","href":"https:\/\/api.w.org\/{rel}","templated":true}]}}